p(l) - 5*r(l). Let o = -137 + 131. Calculate y(o).
-6
Let m = 808 + -797. Let c(q) = -q**3 + 12*q**2 - 11*q + 4. Give c(m).
4
Let h(a) = a**3 - 8*a**2 - 11*a + 8. Let c be (-12)/22 - (-13650)/1430. Determine h(c).
-10
Let l(i) = i**2 + 5*i - 8. Let m be l(-7). Let n(d) = d - 8. Let q be n(10). Let g(h) = -2*h**q - 7 + 4*h**2 - 5*h**2 + 2*h**2 + 10*h. Calculate g(m).
17
Let r(x) = -x**3 + 6*x**2 - x - 1. Let f = 24 + -19. Suppose f*t + 5*u = 0, u = -u - 8. Suppose j + t*q = -10, -q - 1 = 3. Calculate r(j).
-7
Let q be 6 - 8*(-3)/(-6). Let y(a) = 4 - q*a - 4 - 2*a**2 - 5 + 6. Determine y(2).
-11
Let k(w) be the first derivative of -1/2*w**2 - 19 + 6*w. Determine k(-6).
12
Let a(u) = -u**3 - 4*u**2 + 11*u - 3. Let g(z) = 3*z**3 + 17*z**2 - 48*z + 13. Let f(b) = 9*a(b) + 2*g(b). Calculate f(2).
-27
Let o = 7 + -4. Let r(z) = -8 - z - o*z + 2 + 3*z. Determine r(-8).
2
Let d(j) be the second derivative of 1/2*j**4 + 3/2*j**2 + 1/20*j**5 + 5/6*j**3 + 0 - j. What is d(-5)?
3
Let n(r) = 1 + 4 - 4 - 2 + r. Let z(j) = -j - 5. Suppose 3*t - 5*k + 29 = 0, 2*k + 0*k = -3*t - 1. Let a be z(t). Calculate n(a).
-3
Suppose -6*n + 24 - 12 = 0. Let l(q) = q + 9. Let z(p) = 4. Let y(c) = n*l(c) - 5*z(c). Give y(4).
6
Let j(c) = -c + 12. Let v(d) = d**3 - 29*d**2 + 30*d - 48. Let t be v(28). What is j(t)?
4
Let c(x) = -4*x + 1. Let y be (22/33)/((-1)/3). Let n be (-5)/(y - -7) - -3. Give c(n).
-7
Suppose 5 = 10*h - 15. Let d be (h/(-2))/(3/9)*1. Let p(r) = -r**3 - 2*r**2 - 2*r - 2. Calculate p(d).
13
Let i(r) = r**3 + 15*r**2 - 34*r - 4. Let o = 1538 - 1555. Determine i(o).
-4
Suppose 10*q + 100 = 12*q. Let i = q + -51. Let f(g) = -7*g**2. What is f(i)?
-7
Let o(x) = -8*x**3 - x**2 - 5*x - 3. Let f(a) = 9*a**3 + a**2 + 4*a + 2. Let h(j) = -4*f(j) - 3*o(j). Give h(1).
-13
Suppose 3*m = -2*m + 10. Suppose 4*l - m = 10. Suppose 8 - l = 5*h. Let y(w) = -w + 1. Calculate y(h).
0
Let d(b) = -b**3 - 13*b**2 - 12*b - 4. Let k be d(-12). Let p(m) be the first derivative of m**3/3 + 2*m**2 - 4*m + 20. Determine p(k).
-4
Let u(r) = -r**3 + 7*r**2 - 8*r - 1. Let b be (-5 + 3)/(((-15)/(-10))/(-3)). What is u(b)?
15
Let s(v) = -2*v**2 - 9*v + 13. Let n be s(-6). Let m(d) = -d**2 - 6*d - 1. What is m(n)?
4
Let g(n) = -n**3 + 4*n**2 + 10*n - 9. Let p(r) = 3*r**3 - 11*r**2 - 30*r + 29. Let c(j) = 7*g(j) + 2*p(j). Calculate c(7).
16
Let w(j) = j**2 + 4*j. Let n be w(-2). Let s(y) = -38*y**2 + 2*y**3 - 4 + 4*y - y**3 - 37*y**2 + 80*y**2. What is s(n)?
-4
Let g(q) be the second derivative of -q**3/6 + q**2 - 6*q. Let i(d) = -2*d + 3. Let n(f) = 3*g(f) - 2*i(f). Calculate n(5).
5
Let u(v) be the second derivative of 7*v**5/20 - v**3/6 - 4*v. Let j(w) = -w**2 + 8. Let l be j(-3). Give u(l).
-6
Let j(n) = -n**2 - 1. Let s(q) = -4*q**2 + 10*q - 48. Let v(y) = -5*j(y) + s(y). Let c be v(-13). Let a(w) = w**2 + 7*w + 6. Give a(c).
-6
Let a(h) = -h**3 - 5*h**2 - 6*h - 2. Let c = -77 - -80. Let r(n) = -n**3 - 4*n**2 - 6*n - 2. Let k(g) = c*a(g) - 2*r(g). Determine k(-6).
-2
Let p = 6 - 5. Let o(h) = 0 - 295*h + 294*h + 4*h**2 + 5*h**2 + p. What is o(1)?
9
Let z(o) = 6*o**2 - o. Let w be z(2). Let k be (-1)/(-5) - (1 - w/(-10)). Let j(a) = 2*a**3 - a**3 + a**2 + 2*a**2 - 4. Give j(k).
-4
Let l(m) = -3 - 32*m + 60*m - 27*m. Calculate l(-5).
-8
Let n(m) be the second derivative of -5/2*m**2 - 2*m + 1/6*m**3 + 0. Determine n(4).
-1
Let s(i) = -7*i + 2. Let v(y) = -2 + 4 - 4 + 8*y. Suppose -5*h = -h - 8. Let q(p) = h*v(p) + 3*s(p). Determine q(2).
-8
Let k(u) = -u**2 - 4*u - 11*u**3 + 28*u**3 - 16*u**3 - 19 + 16. What is k(-2)?
-7
Let o(r) = r**2 - 9*r + 16. Let l be o(7). Let v(g) = 1 + 25*g**2 - 3 - 22*g**l. Calculate v(-2).
10
Let v(q) = -q**2 + 3*q + 6. Let y = 90 + -99. Let m(r) = r**3 + 11*r**2 + 17*r - 3. Let w be m(y). Determine v(w).
-12
Suppose -r + 90 = -16*r. Let u(t) = 2*t - 8. Calculate u(r).
-20
Suppose -3*i + 3*k + 9 = 0, 5*i + 2*k - 29 = 2*i. Suppose -i = -2*s - 3. Let z(o) = -4*o**s + 0*o**2 + 0*o**2 + 4*o + 3 + 3*o**2. What is z(5)?
-2
Let x(n) = -5*n - n**2 - 4*n**2 - n**3 + 438 - 443. Determine x(-4).
-1
Suppose 34 = 5*q + 2*l - 4*l, q = -2*l + 2. Let b(r) = r - 8. Let k(i) = 3*i - 24. Let s(d) = q*k(d) - 17*b(d). What is s(6)?
-2
Let k(a) = 2*a**2 - 10*a + 13. Let p(h) = h**2 - 4*h + 6. Let f(y) = -6*k(y) + 13*p(y). Give f(-8).
0
Let i(g) = -3*g - 1. Let y = 37 - 34. Give i(y).
-10
Let l(y) = -y**2 + 5*y - 3. Suppose -4*g = -m + 23, -13 = 4*m + 2*g + 3*g. Let c = 3 + 1. Suppose 4*v = m*k + 17, c*v = -5*k + 1 + 24. Calculate l(v).
-3
Suppose 3 = -l, -9 = -4*k - l - 0*l. Let z(y) be the third derivative of -5/6*y**k - 1/24*y**4 - 4*y**2 + 0 + 1/60*y**5 + 0*y. What is z(0)?
-5
Suppose -5*n + 2*n + 5 = h, -4 = 4*n. Suppose 4*t - h = 4. Let p(k) = 810 + k**2 + 795 - 1602 - 7*k. What is p(t)?
-9
Let d(k) = -3*k + 10. Suppose -280 = -10*c + 2*c. Suppose 4*v + 11 = 5*t + 40, 0 = 5*v + t. Let m be c*v/(-5)*-1. Give d(m).
-11
Let n(r) = -15*r + 5*r - r + 22 + 13*r. Give n(-7).
8
Let z = 66 + -56. Let d(g) be the second derivative of -g**4/12 + 11*g**3/6 - 13*g**2/2 - g. What is d(z)?
-3
Let f(y) = y**2 + 5*y + 10. Let r be f(-4). Let n = 0 + 2. Let d(c) = 9 + n*c - 9. Calculate d(r).
12
Let m = 1 + 1. Let s(h) be the third derivative of -1/6*h**3 + 25*h**2 + 0 + 1/120*h**6 - 1/60*h**5 + 0*h + 1/24*h**4. Give s(m).
5
Let x(h) = h**2 - 4*h + 6. Let j = -463 + 469. Give x(j).
18
Let b(v) = v**2 - 20*v - 48. Let z be b(22). Let s(r) be the first derivative of 3*r**2 + 3*r - 1. Give s(z).
-21
Suppose 80*d = 75*d - 60. Let j(a) = a**2 + 13*a + 8. Calculate j(d).
-4
Let l(m) be the third derivative of -1/60*m**5 + 0 - 1/24*m**4 + 5/6*m**3 + 8*m**2 + 0*m. Calculate l(-5).
-15
Let j be -6*42/(-54)*(-9)/(-6). Let l(g) = -g**3 + 8*g**2 - 9*g + 6. Give l(j).
-8
Let s(i) = i**3 - 2*i**2 - 4*i. Let k(a) = 3*a**3 - 7*a**2 - 11*a - 1. Let m be (-4)/6 - (-910)/78. Let q(l) = m*s(l) - 4*k(l). Let d = 22 - 16. Calculate q(d).
4
Let l(t) = t - 17. Suppose o + z = 10, 5*o + 4*z = 34 + 16. What is l(o)?
-7
Let g be 385/10*(-2 - (-54)/21). Let p(v) = 5*v**2 - 2*v + 16 - 6*v**2 + 8*v - g. Give p(7).
-13
Let a(o) be the first derivative of o**4/4 + 5*o**3/3 + 5*o**2/2 + 3*o - 16. Give a(-3).
6
Let a(q) = -4*q + 55. Let p = 894 + -883. What is a(p)?
11
Let b(a) = -a - 1. Suppose 4*t - 114 - 6 = 0. Let y = 35 - t. Calculate b(y).
-6
Suppose -5*a - 3*m = -10*a - 14, 0 = a - 2*m + 7. Let o(h) = -1 + 5*h**3 + h - 4*h + h. Calculate o(a).
-4
Let i = -11 - -8. Let x(l) be the third derivative of l**6/120 + l**5/20 - l**4/12 + l**3/3 + 2098*l**2. Determine x(i).
8
Let f be 37/7 + (-4)/14. Let h(t) = 2*t - 6. Let v be h(f). Let i(c) = 2 + 2*c - 11 + 4 - 5 + 4. What is i(v)?
2
Let v(p) = -5*p - 5. Suppose 19 = 5*l - 1. Suppose -5*o = -16 - l. Suppose 0*t - 16 = o*t. What is v(t)?
15
Let p(g) = 5*g. Let z(m) = 5*m**2 + 14*m - 10. Let o(t) = t**2 + t - 1. Let k(q) = 3*o(q) - z(q). Let l be k(-6). Calculate p(l).
5
Let u(d) = -d**2 + 11*d - 11. Let i be -9 - (-672)/40 - (-3)/15. Determine u(i).
13
Let t(g) = -4*g**2 - 13*g - 42. Let a(r) = r**2 + 3*r + 10. Let y(o) = 9*a(o) + 2*t(o). Let d = -3 - -2. Let s be d + (-1 + 0)*-1. What is y(s)?
6
Let b(n) = 2*n + 31. Let j be b(-14). Let h(d) = -2 - 54*d + 58*d + j. Calculate h(-2).
-7
Let i(p) = 0*p**3 + 58 - 54 - 2*p**3 - 3*p**2 + 2*p. What is i(-3)?
25
Let r = 65 + -65. Suppose r = g + 5*g - 36. Let v(a) = a**2 - 7*a + 4. Determine v(g).
-2
Let n(o) = -2 + 3*o**2 - o**2 - 45*o + 24*o - 15*o. What is n(18)?
-2
Let i(r) = 2*r - 30. Let j be (((-104)/(-6))/(-2))/((-24)/36). Calculate i(j).
-4
Let k(c) = -2*c**3 + 12*c**2 - 3*c + 18. Let h be k(6). Let n(r) = r**3 + r**2 + 17. Determine n(h).
17
Let i(c) = -c + 8. Let u be 10*((-20)/(-8))/5. Suppose -30 = -0*w - u*w. Calculate i(w).
2
Let g(d) = -2357 - 2355 + 7066 - 2*d - 2352. Suppose 5*q - 24 = -2*b, -q + b + 2 = -0*q. Give g(q).
-6
Let d be (1 - (-6)/(-3))*3. Let i(s) be the second derivative of 1/3*s**3 + 1/4*s**4 + 1/20*s**5 + s**2 - 4*s + 0. Determine i(d).
-4
Let u(h) = 2*h**3 - 4*h**2 + 2*h - 2. Suppose 25*o + 48 = 41*o. Calculate u(o).
22
Let a(d) be the third derivative of -d**5/20 + d**4/12 - d**3/6 + d**2. Let b be 8 + -3 + -7 - -3. Give a(b).
-2
Suppose -4*k + 4*s = 4 - 16, -27 = -5*k - s. Let h(p) = p**2 - p 